 -2064 = -27*a - 282. Let f(t) = -3*t**3 - t**2 + 3*t + 1. Let i be f(-4). What is the greatest common factor of a and i?
33
Let m(y) = -y**2 + y + 16. Let p be m(-2). Calculate the highest common factor of 10 and p.
10
Let f = -14 - -32. Let j = -13 + f. Suppose 86*i - 40 = 85*i. What is the greatest common divisor of i and j?
5
Let c(p) = -p**3 + 12*p**2 - 11*p + 2. Suppose -2 + 6 = 4*g. Suppose a - g = 9. Let z be c(a). What is the greatest common factor of 23 and z?
23
Let k be 16 - (11 + -6 + -4)*-3. Calculate the highest common factor of 1159 and k.
19
Let s(n) = -4*n**3 + 4*n**2 + 8*n. Let m be s(-3). What is the highest common factor of 80 and m?
40
Suppose a = -5*j + 61, 0 = 2*j - 6*a + 8*a - 26. Let f = -113 + 209. What is the greatest common factor of f and j?
12
Suppose -1332 = -2*k + o, 5*k - 2786 - 555 = -3*o. Let g = -388 + k. What is the highest common divisor of 31 and g?
31
Suppose -m - 3*c + 2892 = 2*m, c = 2*m - 1916. Suppose 4*z - z = m. Suppose 0 = 5*n - z - 265. Calculate the greatest common factor of n and 13.
13
Let s(q) = 9*q. Let j be ((-8)/(-24))/((-2)/(-18)). Let y be s(j). Calculate the highest common factor of 243 and y.
27
Let m(y) = -29*y - 79. Let r be m(-3). Suppose q + 35 = 3*t, -3*t + 41 - 3 = 2*q. Calculate the highest common divisor of t and r.
4
Suppose -3*t = -4*c - 2306, -4*t = 3*c + c - 3084. Calculate the greatest common factor of t and 35.
35
Suppose 5*b + 3*l = 230, 0 = -0*b + 3*b - 4*l - 167. Calculate the highest common divisor of 1323 and b.
49
Let n(q) = 11*q - 6 + 38 - 8*q. Let h be n(-8). Suppose 2*w - m + 10 - 153 = 0, 0 = 5*w + 4*m - 364. What is the highest common factor of h and w?
8
Let t be (328/48 + (-3)/(-18))*1. Let z(o) = o**2 + o. Let x be (1 - (-2 - -1))*3. Let w be z(x). What is the greatest common factor of t and w?
7
Suppose 31 = -4*b + 367. What is the greatest common divisor of 60 and b?
12
Suppose 4*i - 3 = -39. Let t be (-14)/(-8) + i/(-36). Calculate the greatest common factor of 14 and t.
2
Suppose -9*s = -2*s - 154. Suppose 4*q - 2 - 6 = 0. Calculate the greatest common factor of s and q.
2
Let l be (-1)/3*118*(-30)/5. Let p be (3 + l/(-12))/((-2)/3). Suppose n - 2*n + 5 = 0. What is the highest common factor of n and p?
5
Let k = 101 + -99. Suppose -3*v = -k*m + 3*m - 22, -2*m = -8. Calculate the greatest common factor of 42 and v.
6
Let h = 177 - 100. Let b be (-22)/55*(2 - h). Calculate the highest common factor of 240 and b.
30
Let n be (1 - -4)*(3 - 2). Suppose 300 = 4*y + n*x, 5*y + 144 = 3*x + 482. Let r = 51 + -23. What is the greatest common divisor of y and r?
14
Let r(j) = -j**2 - 4*j + 28. Let d be r(-8). Let s be d/8*2*(-3 - 2). Calculate the highest common divisor of 35 and s.
5
Suppose -55*p + 60*p = 400. Let m(w) = 5*w**3 + 1. Let v be m(-1). Let j(u) = -9*u - 4. Let f be j(v). Calculate the highest common divisor of f and p.
16
Suppose -3*x - 38 + 14 = 0. Let d be (266/56)/((-1)/x). What is the greatest common divisor of d and 152?
38
Suppose -2*b + 3*i = b - 702, 2*b - 459 = -i. What is the highest common factor of 66 and b?
33
Suppose -5*z - 5*y + 512 = -y, 0 = -3*y - 6. Calculate the highest common divisor of z and 52.
52
Let l be 5/2*(-51 + -5)/(-7). Let k = 0 + 70. What is the highest common factor of k and l?
10
Let j(o) = 6*o - 16. Let v be j(30). What is the greatest common divisor of v and 4?
4
Let z be 2*(9/2 + -3). Suppose 3 = -5*o - g, o + z*g = -o - 9. Suppose 5*n = -o*n + 240. Calculate the highest common factor of 12 and n.
12
Suppose 2*w = 4*w + 4*q - 572, 5*q - 1135 = -4*w. Suppose 5*t - 163 = 11*u - 8*u, 5*u - 160 = -4*t. Calculate the greatest common factor of w and t.
35
Suppose 5*m - 61 + 11 = 0. Suppose 11 + 78 = -2*a - 3*f, 0 = -2*f + 10. Let h = -48 - a. Calculate the highest common factor of h and m.
2
Let i be (-63)/(-13) - (-6)/39. Let c be 15/(20/(-5) + i). Suppose -5*m + 4*m = -3*u + 138, 5*u = m + 228. Calculate the greatest common factor of u and c.
15
Let p = 3741 + -2614. What is the highest common factor of p and 49?
49
Suppose -8*l + 68 = -4*l. Suppose -5*o - 4*j + 6*j = -29, j + l = 3*o. Calculate the greatest common factor of 5 and o.
5
Suppose -5*b + 58 = 3*n, 4*n + b + 18 - 101 = 0. Suppose 6*o = o - 15, 3*d = -o + 6. Calculate the greatest common divisor of d and n.
3
Suppose 2*c - 9 = 31. Suppose 5*o - 58 = 4*r, 0*o - 2*r + c = o. Let p = 22 - o. Calculate the greatest common factor of 40 and p.
8
Suppose j - 168 = -2*j. Suppose 0 = -18*p + 326 - j. Calculate the highest common divisor of p and 10.
5
Let g = 97 + -90. Suppose -2*o + 9 = t - 0, -4*o = t - g. What is the highest common divisor of 121 and t?
11
Suppose 188 = 5*f + 3*n, -5*f + 2*n + 0*n = -208. Let d = 59 - f. What is the greatest common divisor of 38 and d?
19
Let q = -152 - -414. Suppose -17*s + q = 58. Calculate the greatest common factor of s and 96.
12
Suppose -4*f - 331 = -3*d, 6*d + 4*f = 2*d + 488. Suppose -13*y + 98 = -71. Calculate the highest common factor of d and y.
13
Suppose -16*q + 1227 = -2517. Calculate the highest common divisor of 312 and q.
78
Let d(c) = 6*c + 6. Let j be d(3). Suppose -5*s - 638 = -3*i, -6*i + 872 = -2*i + 4*s. Calculate the highest common factor of i and j.
24
Let v be 36672/32 + -7 + 1. What is the greatest common factor of 60 and v?
60
Let a = 18 + -15. Let h be 20/a + 3/9. Calculate the greatest common divisor of h and 63.
7
Suppose -22*l + 292 = -16. Calculate the greatest common factor of l and 2.
2
Suppose -3*f + 2*f = 2*h - 15, 3*f = -h + 20. Suppose -8 = p - h*p. Let c = 0 - -2. Calculate the highest common divisor of p and c.
2
Suppose -2*h + 4*k + 440 = 0, 2*h - h - 216 = 4*k. Let g = h + -140. What is the highest common divisor of 210 and g?
42
Suppose -5*b - b = 168. Let d be 2/(((-24)/b)/3). Calculate the highest common divisor of d and 42.
7
Suppose -n = 3*n - 84. Let q(t) = 233*t + 315. Let w be q(9). Let h be w/14 + (-6)/n. Calculate the greatest common factor of 43 and h.
43
Let h = -306 - -336. What is the greatest common divisor of 130 and h?
10
Let y = -612 - -623. Calculate the greatest common factor of 6 and y.
1
Let o = -22 - -30. Suppose o*d - 1480 + 8 = 0. Calculate the highest common divisor of 23 and d.
23
Let q(h) = -12*h**2 - 4 - 6*h - 9*h**2 + 22*h**2. Let w be q(8). Let n = 28 + -16. Calculate the highest common divisor of w and n.
12
Let a(p) = -p**3 + 31*p**2 - p + 69. Let c be a(31). What is the greatest common factor of c and 950?
38
Let d be (1 + -2)/2*(-4)/(-2). Let q be ((-6)/4)/((3/176)/d). What is the highest common divisor of q and 132?
44
Let q(j) = 7*j - 19 + 4 - j - j. Let o be q(7). Calculate the highest common factor of 220 and o.
20
Let b(u) = -u**3 + 11*u**2 - 9*u - 3. Let o be b(10). Suppose o*s - 2*s = 5. Let i = s + 1. What is the highest common factor of i and 3?
1
Suppose 0 = 3*q - 12, 0*q - 331 = 3*k + 2*q. Let u = k + 190. What is the greatest common divisor of u and 11?
11
Suppose -8*d + 4 + 28 = 0. Suppose -d*m + 5*n + 157 = 0, -4*m + 4*n - 5*n = -151. What is the highest common divisor of 19 and m?
19
Let j = 27 - 8. Suppose j - 43 = -4*a + 4*c, -a - 14 = 3*c. Let w be (99/(-3))/(a - 4). Calculate the highest common factor of 11 and w.
11
Let y be (-84)/56 - ((-18)/4 + 1). Suppose y*m + 236 = 4*b, -6*b + 238 = -2*b - m. Calculate the greatest common divisor of b and 15.
15
Let v(a) = a**2 - 5*a + 4. Let u be v(7). Let h be u/(-45) + (-884)/(-10). What is the highest common factor of 8 and h?
8
Let h be ((-132)/(-28) + -5)/((-5)/175). Calculate the greatest common divisor of h and 26.
2
Let p = 121 + -95. Let y = 37 - p. What is the highest common factor of 187 and y?
11
Suppose h + 144 = -4*g, h + 179 = -5*g - 0*h. Let o be (20 - -1)*(-2)/(-6). Let r be (-5)/g - (-111)/o. Calculate the greatest common factor of r and 40.
8
Let f = -11 - -13. Suppose -f*c - 175 = -7*c + 5*y, 5*y = -4*c + 113. What is the greatest common factor of c and 48?
16
Suppose 6*i = -5*i + 308. Calculate the greatest common factor of i and 56.
28
Let b = -100 - -189. Suppose -5*z - 2*n + 115 = 0, -21 = -5*z - n + b. Calculate the highest common factor of 28 and z.
7
Let r(g) = 6*g + 34. Suppose 7*j - 3*j = -4*d, -5*d = -5*j - 50. Let p be r(j). What is the greatest common divis